{"version":"1.0","provider_name":"Seine-Saint-Denis - L&#039;actualit\u00e9 du d\u00e9partement","provider_url":"https:\/\/seinesaintdenis.fr\/actualite","author_name":"Carine Arassus","author_url":"https:\/\/seinesaintdenis.fr\/actualite\/author\/carassus\/","title":"\"Nettoyer le canal de ses d\u00e9chets flottants\" - Seine-Saint-Denis - L&#039;actualit\u00e9 du d\u00e9partement","type":"rich","width":600,"height":338,"html":"<blockquote class=\"wp-embedded-content\" data-secret=\"TBoioGAHaP\"><a href=\"https:\/\/seinesaintdenis.fr\/actualite\/ecologie\/Nettoyer-le-canal-de-ses-dechets-flottants\/\">\u00ab\u00a0Nettoyer le canal de ses d\u00e9chets flottants\u00a0\u00bb<\/a><\/blockquote><iframe sandbox=\"allow-scripts\" security=\"restricted\" src=\"https:\/\/seinesaintdenis.fr\/actualite\/ecologie\/Nettoyer-le-canal-de-ses-dechets-flottants\/embed\/#?secret=TBoioGAHaP\" width=\"600\" height=\"338\" title=\"\u00ab\u00a0\u00ab\u00a0Nettoyer le canal de ses d\u00e9chets flottants\u00a0\u00bb\u00a0\u00bb &#8212; Seine-Saint-Denis - L&#039;actualit\u00e9 du d\u00e9partement\" data-secret=\"TBoioGAHaP\" frameborder=\"0\" marginwidth=\"0\" marginheight=\"0\" scrolling=\"no\" class=\"wp-embedded-content\"><\/iframe><script type=\"text\/javascript\">\n\/* <![CDATA[ *\/\n\/*! This file is auto-generated *\/\n!function(d,l){\"use strict\";l.querySelector&&d.addEventListener&&\"undefined\"!=typeof URL&&(d.wp=d.wp||{},d.wp.receiveEmbedMessage||(d.wp.receiveEmbedMessage=function(e){var t=e.data;if((t||t.secret||t.message||t.value)&&!\/[^a-zA-Z0-9]\/.test(t.secret)){for(var s,r,n,a=l.querySelectorAll('iframe[data-secret=\"'+t.secret+'\"]'),o=l.querySelectorAll('blockquote[data-secret=\"'+t.secret+'\"]'),c=new RegExp(\"^https?:$\",\"i\"),i=0;i<o.length;i++)o[i].style.display=\"none\";for(i=0;i<a.length;i++)s=a[i],e.source===s.contentWindow&&(s.removeAttribute(\"style\"),\"height\"===t.message?(1e3<(r=parseInt(t.value,10))?r=1e3:~~r<200&&(r=200),s.height=r):\"link\"===t.message&&(r=new URL(s.getAttribute(\"src\")),n=new URL(t.value),c.test(n.protocol))&&n.host===r.host&&l.activeElement===s&&(d.top.location.href=t.value))}},d.addEventListener(\"message\",d.wp.receiveEmbedMessage,!1),l.addEventListener(\"DOMContentLoaded\",function(){for(var e,t,s=l.querySelectorAll(\"iframe.wp-embedded-content\"),r=0;r<s.length;r++)(t=(e=s[r]).getAttribute(\"data-secret\"))||(t=Math.random().toString(36).substring(2,12),e.src+=\"#?secret=\"+t,e.setAttribute(\"data-secret\",t)),e.contentWindow.postMessage({message:\"ready\",secret:t},\"*\")},!1)))}(window,document);\n\/* ]]> *\/\n<\/script>\n","thumbnail_url":"https:\/\/seinesaintdenis.fr\/actualite\/wp-content\/uploads\/2024\/08\/photo-2-ancistrus-m.jpg","thumbnail_width":1089,"thumbnail_height":560,"description":"L'association Au fil de l'eau s'est \u00e9quip\u00e9e fin 2023 d'un bateau collecteur de d\u00e9chets, l'Ancistrus, subventionn\u00e9 par la Seine-Saint-Denis. Depuis le 23 juin, une quarantaine de salari\u00e9\u00b7e\u00b7s en insertion ont r\u00e9colt\u00e9 plus de 5 tonnes de d\u00e9chets entre le Stade de France et l'embouchure de la Seine. La co-directrice Chlo\u00e9 Dailly nous parle de ce projet en parall\u00e8le des Jeux de Paris 2024."}

Seine-Saint-Denis - L&#039;actualité du département

"Nettoyer le canal de ses déchets flottants" - Seine-Saint-Denis - L&#039;actualité du département

<blockquote class="wp-embedded-content" data-secret="TBoioGAHaP"><a href="https://seinesaintdenis.fr/actualite/ecologie/Nettoyer-le-canal-de-ses-dechets-flottants/">« Nettoyer le canal de ses déchets flottants »</a></blockquote><iframe sandbox="allow-scripts" security="restricted" src="https://seinesaintdenis.fr/actualite/ecologie/Nettoyer-le-canal-de-ses-dechets-flottants/embed/#?secret=TBoioGAHaP" width="600" height="338" title="« « Nettoyer le canal de ses déchets flottants » » &#8212; Seine-Saint-Denis - L&#039;actualité du département" data-secret="TBoioGAHaP" frameborder="0" marginwidth="0" marginheight="0" scrolling="no" class="wp-embedded-content"></iframe><script type="text/javascript">
/* <![CDATA[ */
/*! This file is auto-generated */
!function(d,l){"use strict";l.querySelector&&d.addEventListener&&"undefined"!=typeof URL&&(d.wp=d.wp||{},d.wp.receiveEmbedMessage||(d.wp.receiveEmbedMessage=function(e){var t=e.data;if((t||t.secret||t.message||t.value)&&!/[^a-zA-Z0-9]/.test(t.secret)){for(var s,r,n,a=l.querySelectorAll('iframe[data-secret="'+t.secret+'"]'),o=l.querySelectorAll('blockquote[data-secret="'+t.secret+'"]'),c=new RegExp("^https?:$","i"),i=0;i<o.length;i++)o[i].style.display="none";for(i=0;i<a.length;i++)s=a[i],e.source===s.contentWindow&&(s.removeAttribute("style"),"height"===t.message?(1e3<(r=parseInt(t.value,10))?r=1e3:~~r<200&&(r=200),s.height=r):"link"===t.message&&(r=new URL(s.getAttribute("src")),n=new URL(t.value),c.test(n.protocol))&&n.host===r.host&&l.activeElement===s&&(d.top.location.href=t.value))}},d.addEventListener("message",d.wp.receiveEmbedMessage,!1),l.addEventListener("DOMContentLoaded",function(){for(var e,t,s=l.querySelectorAll("iframe.wp-embedded-content"),r=0;r<s.length;r++)(t=(e=s[r]).getAttribute("data-secret"))||(t=Math.random().toString(36).substring(2,12),e.src+="#?secret="+t,e.setAttribute("data-secret",t)),e.contentWindow.postMessage({message:"ready",secret:t},"*")},!1)))}(window,document);
/* ]]> */
</script>

L'association Au fil de l'eau s'est équipée fin 2023 d'un bateau collecteur de déchets, l'Ancistrus, subventionné par la Seine-Saint-Denis. Depuis le 23 juin, une quarantaine de salarié·e·s en insertion ont récolté plus de 5 tonnes de déchets entre le Stade de France et l'embouchure de la Seine. La co-directrice Chloé Dailly nous parle de ce projet en parallèle des Jeux de Paris 2024.
