{"version":"1.0","provider_name":"Seine-Saint-Denis - L&#039;actualit\u00e9 du d\u00e9partement","provider_url":"https:\/\/seinesaintdenis.fr\/actualite","author_name":"Gr\u00e9goire Remund","author_url":"https:\/\/seinesaintdenis.fr\/actualite\/author\/gremund\/","title":"Pierre-Olivier Persin tombe le masque - Seine-Saint-Denis - L&#039;actualit\u00e9 du d\u00e9partement","type":"rich","width":600,"height":338,"html":"<blockquote class=\"wp-embedded-content\" data-secret=\"lCCggrtrF8\"><a href=\"https:\/\/seinesaintdenis.fr\/actualite\/culture-patrimoine\/Pierre-Olivier-Persin-tombe-le-masque\/\">Pierre-Olivier Persin tombe le masque<\/a><\/blockquote><iframe sandbox=\"allow-scripts\" security=\"restricted\" src=\"https:\/\/seinesaintdenis.fr\/actualite\/culture-patrimoine\/Pierre-Olivier-Persin-tombe-le-masque\/embed\/#?secret=lCCggrtrF8\" width=\"600\" height=\"338\" title=\"\u00ab\u00a0Pierre-Olivier Persin tombe le masque\u00a0\u00bb &#8212; Seine-Saint-Denis - L&#039;actualit\u00e9 du d\u00e9partement\" data-secret=\"lCCggrtrF8\" frameborder=\"0\" marginwidth=\"0\" marginheight=\"0\" scrolling=\"no\" class=\"wp-embedded-content\"><\/iframe><script type=\"text\/javascript\">\n\/* <![CDATA[ *\/\n\/*! This file is auto-generated *\/\n!function(d,l){\"use strict\";l.querySelector&&d.addEventListener&&\"undefined\"!=typeof URL&&(d.wp=d.wp||{},d.wp.receiveEmbedMessage||(d.wp.receiveEmbedMessage=function(e){var t=e.data;if((t||t.secret||t.message||t.value)&&!\/[^a-zA-Z0-9]\/.test(t.secret)){for(var s,r,n,a=l.querySelectorAll('iframe[data-secret=\"'+t.secret+'\"]'),o=l.querySelectorAll('blockquote[data-secret=\"'+t.secret+'\"]'),c=new RegExp(\"^https?:$\",\"i\"),i=0;i<o.length;i++)o[i].style.display=\"none\";for(i=0;i<a.length;i++)s=a[i],e.source===s.contentWindow&&(s.removeAttribute(\"style\"),\"height\"===t.message?(1e3<(r=parseInt(t.value,10))?r=1e3:~~r<200&&(r=200),s.height=r):\"link\"===t.message&&(r=new URL(s.getAttribute(\"src\")),n=new URL(t.value),c.test(n.protocol))&&n.host===r.host&&l.activeElement===s&&(d.top.location.href=t.value))}},d.addEventListener(\"message\",d.wp.receiveEmbedMessage,!1),l.addEventListener(\"DOMContentLoaded\",function(){for(var e,t,s=l.querySelectorAll(\"iframe.wp-embedded-content\"),r=0;r<s.length;r++)(t=(e=s[r]).getAttribute(\"data-secret\"))||(t=Math.random().toString(36).substring(2,12),e.src+=\"#?secret=\"+t,e.setAttribute(\"data-secret\",t)),e.contentWindow.postMessage({message:\"ready\",secret:t},\"*\")},!1)))}(window,document);\n\/* ]]> *\/\n<\/script>\n","thumbnail_url":"https:\/\/seinesaintdenis.fr\/actualite\/wp-content\/uploads\/2025\/10\/pop-portrait.jpg","thumbnail_width":1090,"thumbnail_height":560,"description":"Maquilleur effets sp\u00e9ciaux, Pierre-Olivier Persin, alias POP, est l\u2019homme derri\u00e8re la transformation physique de Demi Moore dans The Substance. Pour son extraordinaire travail dans ce film, celui qui poss\u00e8de son atelier \u00e0 Montreuil a re\u00e7u coup sur coup en 2025 le Bafta (les C\u00e9sar britanniques) et l\u2019Oscar du meilleur maquillage. Rien de moins. En exclusivit\u00e9 pour notre magazine, cet homme suroccup\u00e9 nous a gentiment ouvert les portes de son \u00ab laboratoire \u00bb et est revenu en longueur sur son parcours."}

Seine-Saint-Denis - L&#039;actualité du département

Grégoire Remund

Pierre-Olivier Persin tombe le masque - Seine-Saint-Denis - L&#039;actualité du département

<blockquote class="wp-embedded-content" data-secret="lCCggrtrF8"><a href="https://seinesaintdenis.fr/actualite/culture-patrimoine/Pierre-Olivier-Persin-tombe-le-masque/">Pierre-Olivier Persin tombe le masque</a></blockquote><iframe sandbox="allow-scripts" security="restricted" src="https://seinesaintdenis.fr/actualite/culture-patrimoine/Pierre-Olivier-Persin-tombe-le-masque/embed/#?secret=lCCggrtrF8" width="600" height="338" title="« Pierre-Olivier Persin tombe le masque » &#8212; Seine-Saint-Denis - L&#039;actualité du département" data-secret="lCCggrtrF8" frameborder="0" marginwidth="0" marginheight="0" scrolling="no" class="wp-embedded-content"></iframe><script type="text/javascript">
/* <![CDATA[ */
/*! This file is auto-generated */
!function(d,l){"use strict";l.querySelector&&d.addEventListener&&"undefined"!=typeof URL&&(d.wp=d.wp||{},d.wp.receiveEmbedMessage||(d.wp.receiveEmbedMessage=function(e){var t=e.data;if((t||t.secret||t.message||t.value)&&!/[^a-zA-Z0-9]/.test(t.secret)){for(var s,r,n,a=l.querySelectorAll('iframe[data-secret="'+t.secret+'"]'),o=l.querySelectorAll('blockquote[data-secret="'+t.secret+'"]'),c=new RegExp("^https?:$","i"),i=0;i<o.length;i++)o[i].style.display="none";for(i=0;i<a.length;i++)s=a[i],e.source===s.contentWindow&&(s.removeAttribute("style"),"height"===t.message?(1e3<(r=parseInt(t.value,10))?r=1e3:~~r<200&&(r=200),s.height=r):"link"===t.message&&(r=new URL(s.getAttribute("src")),n=new URL(t.value),c.test(n.protocol))&&n.host===r.host&&l.activeElement===s&&(d.top.location.href=t.value))}},d.addEventListener("message",d.wp.receiveEmbedMessage,!1),l.addEventListener("DOMContentLoaded",function(){for(var e,t,s=l.querySelectorAll("iframe.wp-embedded-content"),r=0;r<s.length;r++)(t=(e=s[r]).getAttribute("data-secret"))||(t=Math.random().toString(36).substring(2,12),e.src+="#?secret="+t,e.setAttribute("data-secret",t)),e.contentWindow.postMessage({message:"ready",secret:t},"*")},!1)))}(window,document);
/* ]]> */
</script>

Maquilleur effets spéciaux, Pierre-Olivier Persin, alias POP, est l’homme derrière la transformation physique de Demi Moore dans The Substance. Pour son extraordinaire travail dans ce film, celui qui possède son atelier à Montreuil a reçu coup sur coup en 2025 le Bafta (les César britanniques) et l’Oscar du meilleur maquillage. Rien de moins. En exclusivité pour notre magazine, cet homme suroccupé nous a gentiment ouvert les portes de son « laboratoire » et est revenu en longueur sur son parcours.
