{"version":"1.0","provider_name":"Seine-Saint-Denis - L&#039;actualit\u00e9 du d\u00e9partement","provider_url":"https:\/\/seinesaintdenis.fr\/actualite","author_name":"Carine Arassus","author_url":"https:\/\/seinesaintdenis.fr\/actualite\/author\/carassus\/","title":"Deux fl\u00e2neurs explorent l'\u00e2me du \"Neuf-Trois\" - Seine-Saint-Denis - L&#039;actualit\u00e9 du d\u00e9partement","type":"rich","width":600,"height":338,"html":"<blockquote class=\"wp-embedded-content\" data-secret=\"a6oULAqrjw\"><a href=\"https:\/\/seinesaintdenis.fr\/actualite\/culture-patrimoine\/Deux-flaneurs-explorent-lame-du-Neuf-Trois\/\">Deux fl\u00e2neurs explorent l&rsquo;\u00e2me du \u00ab\u00a0Neuf-Trois\u00a0\u00bb<\/a><\/blockquote><iframe sandbox=\"allow-scripts\" security=\"restricted\" src=\"https:\/\/seinesaintdenis.fr\/actualite\/culture-patrimoine\/Deux-flaneurs-explorent-lame-du-Neuf-Trois\/embed\/#?secret=a6oULAqrjw\" width=\"600\" height=\"338\" title=\"\u00ab\u00a0Deux fl\u00e2neurs explorent l&rsquo;\u00e2me du \u00ab\u00a0Neuf-Trois\u00a0\u00bb\u00a0\u00bb &#8212; Seine-Saint-Denis - L&#039;actualit\u00e9 du d\u00e9partement\" data-secret=\"a6oULAqrjw\" frameborder=\"0\" marginwidth=\"0\" marginheight=\"0\" scrolling=\"no\" class=\"wp-embedded-content\"><\/iframe><script type=\"text\/javascript\">\n\/* <![CDATA[ *\/\n\/*! This file is auto-generated *\/\n!function(d,l){\"use strict\";l.querySelector&&d.addEventListener&&\"undefined\"!=typeof URL&&(d.wp=d.wp||{},d.wp.receiveEmbedMessage||(d.wp.receiveEmbedMessage=function(e){var t=e.data;if((t||t.secret||t.message||t.value)&&!\/[^a-zA-Z0-9]\/.test(t.secret)){for(var s,r,n,a=l.querySelectorAll('iframe[data-secret=\"'+t.secret+'\"]'),o=l.querySelectorAll('blockquote[data-secret=\"'+t.secret+'\"]'),c=new RegExp(\"^https?:$\",\"i\"),i=0;i<o.length;i++)o[i].style.display=\"none\";for(i=0;i<a.length;i++)s=a[i],e.source===s.contentWindow&&(s.removeAttribute(\"style\"),\"height\"===t.message?(1e3<(r=parseInt(t.value,10))?r=1e3:~~r<200&&(r=200),s.height=r):\"link\"===t.message&&(r=new URL(s.getAttribute(\"src\")),n=new URL(t.value),c.test(n.protocol))&&n.host===r.host&&l.activeElement===s&&(d.top.location.href=t.value))}},d.addEventListener(\"message\",d.wp.receiveEmbedMessage,!1),l.addEventListener(\"DOMContentLoaded\",function(){for(var e,t,s=l.querySelectorAll(\"iframe.wp-embedded-content\"),r=0;r<s.length;r++)(t=(e=s[r]).getAttribute(\"data-secret\"))||(t=Math.random().toString(36).substring(2,12),e.src+=\"#?secret=\"+t,e.setAttribute(\"data-secret\",t)),e.contentWindow.postMessage({message:\"ready\",secret:t},\"*\")},!1)))}(window,document);\n\/* ]]> *\/\n<\/script>\n","thumbnail_url":"https:\/\/seinesaintdenis.fr\/actualite\/wp-content\/uploads\/2025\/02\/barres-bobigny.jpg","thumbnail_width":1090,"thumbnail_height":560,"description":"Agac\u00e9e par les clich\u00e9s rab\u00e2ch\u00e9s par les m\u00e9dias, l'\u00e9crivaine allemande Anne Weber a d\u00e9cid\u00e9 de traverser le p\u00e9riph\u00e9rique pour sillonner la Seine-Saint-Denis avec un ami. Elle a puis\u00e9 dans ses p\u00e9r\u00e9grinations la mati\u00e8re du roman itin\u00e9rant \"Neuf-Trois\". Rencontre avec une promeneuse \"\u00e9trang\u00e8re\", qui a pos\u00e9 un regard neuf sur un territoire plut\u00f4t m\u00e9connu des Parisien\u00b7nes."}

Seine-Saint-Denis - L&#039;actualité du département

Deux flâneurs explorent l'âme du "Neuf-Trois" - Seine-Saint-Denis - L&#039;actualité du département

<blockquote class="wp-embedded-content" data-secret="a6oULAqrjw"><a href="https://seinesaintdenis.fr/actualite/culture-patrimoine/Deux-flaneurs-explorent-lame-du-Neuf-Trois/">Deux flâneurs explorent l&rsquo;âme du « Neuf-Trois »</a></blockquote><iframe sandbox="allow-scripts" security="restricted" src="https://seinesaintdenis.fr/actualite/culture-patrimoine/Deux-flaneurs-explorent-lame-du-Neuf-Trois/embed/#?secret=a6oULAqrjw" width="600" height="338" title="« Deux flâneurs explorent l&rsquo;âme du « Neuf-Trois » » &#8212; Seine-Saint-Denis - L&#039;actualité du département" data-secret="a6oULAqrjw" frameborder="0" marginwidth="0" marginheight="0" scrolling="no" class="wp-embedded-content"></iframe><script type="text/javascript">
/* <![CDATA[ */
/*! This file is auto-generated */
!function(d,l){"use strict";l.querySelector&&d.addEventListener&&"undefined"!=typeof URL&&(d.wp=d.wp||{},d.wp.receiveEmbedMessage||(d.wp.receiveEmbedMessage=function(e){var t=e.data;if((t||t.secret||t.message||t.value)&&!/[^a-zA-Z0-9]/.test(t.secret)){for(var s,r,n,a=l.querySelectorAll('iframe[data-secret="'+t.secret+'"]'),o=l.querySelectorAll('blockquote[data-secret="'+t.secret+'"]'),c=new RegExp("^https?:$","i"),i=0;i<o.length;i++)o[i].style.display="none";for(i=0;i<a.length;i++)s=a[i],e.source===s.contentWindow&&(s.removeAttribute("style"),"height"===t.message?(1e3<(r=parseInt(t.value,10))?r=1e3:~~r<200&&(r=200),s.height=r):"link"===t.message&&(r=new URL(s.getAttribute("src")),n=new URL(t.value),c.test(n.protocol))&&n.host===r.host&&l.activeElement===s&&(d.top.location.href=t.value))}},d.addEventListener("message",d.wp.receiveEmbedMessage,!1),l.addEventListener("DOMContentLoaded",function(){for(var e,t,s=l.querySelectorAll("iframe.wp-embedded-content"),r=0;r<s.length;r++)(t=(e=s[r]).getAttribute("data-secret"))||(t=Math.random().toString(36).substring(2,12),e.src+="#?secret="+t,e.setAttribute("data-secret",t)),e.contentWindow.postMessage({message:"ready",secret:t},"*")},!1)))}(window,document);
/* ]]> */
</script>

Agacée par les clichés rabâchés par les médias, l'écrivaine allemande Anne Weber a décidé de traverser le périphérique pour sillonner la Seine-Saint-Denis avec un ami. Elle a puisé dans ses pérégrinations la matière du roman itinérant "Neuf-Trois". Rencontre avec une promeneuse "étrangère", qui a posé un regard neuf sur un territoire plutôt méconnu des Parisien·nes.
